te the highest common factor of 17 and t.
17
Suppose -4*p + 4696 = i, 4*p = -243 + 259. Calculate the greatest common divisor of 52 and i.
52
Let b(t) = 89*t**2 - 21*t + 119. Let y be b(-5). Calculate the greatest common factor of y and 62.
31
Let k be (-12)/(-2*(-6 + 8) - -2). Calculate the highest common factor of 2589 and k.
3
Let s be (106/4)/(12/(-24)). Let n = s - -69. Calculate the highest common divisor of n and 10.
2
Let t be (6 - (10 - 6))*9/2. Suppose t*u - 113 = -41. Suppose -i + 49 = -2*q - 5, 3*i - 173 = -5*q. What is the greatest common factor of u and i?
8
Let i = -148 + 131. Let n = 41 + 18. Let h = i + n. Calculate the highest common divisor of 21 and h.
21
Let b = -87 + 41. Let n = b - -111. Let s be (-2)/(-1)*(55/10 - -1). Calculate the highest common factor of s and n.
13
Let a = -508 + 510. Let u be (a*39)/((-47)/(-94)). Calculate the highest common factor of u and 52.
52
Suppose 5*y = 10, 5*v - 5*y + 55 - 270 = 0. Let l be ((-35)/21*33)/5 + 74. What is the highest common divisor of l and v?
9
Suppose 1680*x = 1685*x - 6210. What is the highest common divisor of x and 276?
138
Let s(c) = -5*c**2 + 2*c + 1. Let a be s(2). Let i = a - -24. What is the greatest common factor of i and 207?
9
Let s(f) = -27*f**2 - 9*f - 140. Let i(k) = 5*k**2 + 2*k + 28. Let y(c) = 11*i(c) + 2*s(c). Let h be y(-8). What is the highest common divisor of 150 and h?
30
Suppose -7*k - 8 = -3*k. Let c(l) = -2*l - 2. Let j be c(k). Suppose -5*y + 75 = 5*u, j*y = -2*y - 20. Calculate the highest common divisor of u and 10.
10
Suppose -376 = 95*n - 1611. Calculate the highest common divisor of 1625 and n.
13
Suppose 4 = 5*b - 6*b. Let w be 6/b*(-2 + -2). Suppose -5*s - 40 = -w*s. What is the greatest common divisor of 280 and s?
40
Suppose 2*r + 52 + 522 = 0. Let g = -206 - r. Calculate the greatest common factor of 9 and g.
9
Suppose 0 = 4*p + 2*t - 1370, 2*t = 5*p + 6*t - 1717. Let z = p - 209. What is the highest common factor of z and 22?
22
Suppose 5*j + 2*b - 70 = 69, 2*j = -b + 55. Let a = 319 + -67. Let p = a - 107. Calculate the highest common factor of j and p.
29
Suppose 0*m = m - p + 202, m = -3*p - 222. Let f = m + 235. What is the highest common divisor of 8 and f?
4
Suppose 0 = -2*i + 3*f - 4, 2*i - f + 2 = -10. Let t(g) = g**3 + 11*g**2 + 20*g - 15. Let n be t(i). What is the highest common divisor of 136 and n?
17
Let l = 24 + -22. Suppose 0 = -s + 2, m - l*s + 4 = -m. Suppose 0 = -5*x + 2*p + 311, 0 = 4*x + 5*p - m*p - 262. What is the highest common factor of x and 7?
7
Let x(c) = 19*c + 1. Let z be x(1). Let q be (((-27)/6)/(-9))/(7/2520). Calculate the greatest common factor of q and z.
20
Let m(f) = 3*f**3 - 68*f**2 - 21*f + 106. Let q be m(23). What is the greatest common factor of q and 38?
38
Suppose -755 = -6*s - 71. Let m = s - 70. Let i be (m*1)/((-20)/(-60)). Calculate the highest common factor of 12 and i.
12
Let v be 40/60 - (-367)/3. Suppose 2*y - v = -3*t, 4*y - 5*t - 305 + 70 = 0. Calculate the highest common factor of y and 84.
12
Let q(o) = 17 - 88*o - 21 - 16 - 1. Let v be q(-5). Let b = v + -209. What is the greatest common divisor of b and 42?
42
Let n(p) = -21*p - 21. Let f be n(-8). Suppose -3087*y + 3084*y + 9 = 0. What is the greatest common factor of f and y?
3
Suppose -452*w + 120*w + 5525442 = 110*w. Calculate the greatest common divisor of 54 and w.
27
Let s be (-2)/((-4)/(-2)) + 13. Let y be (-5)/(-1) + 2 + -4. Suppose 0 = -4*b - 16, -7*d = -y*d - 5*b - 548. Calculate the highest common divisor of s and d.
12
Let a be 195/(-40) + 5 + 333/24 + 4. What is the greatest common factor of a and 9738?
18
Let i be 4/6 - (-150)/(-9). Let k be (1*40/i)/((-1)/2). Calculate the greatest common factor of 40 and k.
5
Suppose -2*i + d + 3121 = 0, -3*i + d = -4864 + 181. What is the greatest common divisor of 994 and i?
142
Let c be 6*(6 - 2)/(-12). Let n be -1*(-6 + (-2)/(0 + c)). Suppose -6 = -n*l + 4*l. What is the highest common factor of l and 15?
3
Let b(s) = 2*s - 2*s - 4 - 3*s. Let u be 0 + (-3 - (-2 + 4)). Let w be b(u). Calculate the highest common factor of 11 and w.
11
Let h(m) = -m**3 - 27*m**2 + 8*m - 82. Let p be h(-30). Calculate the highest common divisor of 232 and p.
58
Suppose -8*j - 1617 = -15*j. Suppose -m + 38 = 3*s - 25, 4*m - 266 = 2*s. Calculate the greatest common factor of j and m.
33
Let t be 4746/27 + 4/18. Let m be -11 + -10 + 5 + (-2)/(-1). Let u be (1328/15)/4 + m/105. What is the highest common factor of t and u?
22
Suppose 2*m + 9*m + 0*m = 16577. Calculate the highest common factor of m and 11.
11
Let r(u) = 88*u - 54. Let j(s) = -89*s + 56. Let x(z) = 7*j(z) + 6*r(z). Let m be x(-6). What is the greatest common divisor of m and 58?
58
Suppose 0 = 4*m - 284 + 92. Let z be (-3 + (-45)/(-25))/(6/(-100)). Suppose -7*g = -64 - z. Calculate the greatest common divisor of g and m.
12
Let a be (366/61)/((-3)/(-19)). Let s = -325 + 458. Calculate the highest common factor of a and s.
19
Let r be 10675/7 - (1 + -2)*8. What is the greatest common factor of 168 and r?
21
Suppose -5*n = -4*s - 4159, -3*n - 2*n + s + 4171 = 0. Let h = n - 780. Calculate the highest common divisor of 1 and h.
1
Suppose 791*c = 794*c, c - 9585 = -5*w. What is the greatest common factor of 108 and w?
27
Let o be ((-30)/25)/((-642)/(-13860) + (-4)/66). Calculate the greatest common factor of o and 798.
42
Suppose 49*t - 57995 = 35644 - 27489. What is the highest common divisor of 20 and t?
10
Let f(o) = -22 - 11*o + 25*o - 12*o. Let j = -35 - -47. Let w be f(j). What is the highest common factor of 5 and w?
1
Let f be ((-14)/(84/15))/(-1 - (-335)/340). Calculate the highest common factor of f and 180.
10
Let u(r) = -r + 19. Let d be u(-8). Suppose 2*i - 9741 = w, -5*i - 7*w = -2*w - 24315. Let j be i/20 + 2/(-5). What is the highest common divisor of j and d?
27
Let j(m) = 0*m + 152 + 2*m + 66 - 28*m - 35. Let u be j(7). What is the greatest common factor of u and 27?
1
Suppose 4*l + 7*j - 280 = 4*j, -2*l - 4*j = -150. Let p = l + -51. Calculate the greatest common factor of 496 and p.
16
Let u = -26629 - -27808. What is the greatest common factor of u and 2096?
131
Suppose 697*u - 707*u + 330 = 0. Calculate the highest common factor of u and 2673.
33
Let x be 18/(-12)*140/(-6) - 3. Let u = 35 - x. Suppose -4*l - 2*a + 162 = 0, 3*a = -u*l - 2*l + 201. What is the highest common factor of 14 and l?
14
Let d(y) = -y**2 - 10*y + 41. Let a be d(-13). Suppose a*g - 51 = -5*n, -n - 3*n - 60 = -4*g. Calculate the greatest common divisor of 54 and g.
18
Suppose -7 = 4*g + 1. Let c be -7 - -9*(-5)/(-15). Let r be (c - g)/(8/(-56)). Calculate the highest common factor of 70 and r.
14
Suppose 22*m - 3328 - 610 = 0. Suppose m + 271 = 6*b. What is the highest common divisor of b and 60?
15
Suppose -77*w + 2485 = -34*w - 783. What is the highest common factor of w and 6498?
38
Suppose 2*d = 4*d + 13*d - 465. Suppose 1271 = 7*a - 248. Calculate the highest common divisor of a and d.
31
Let h be 1/(11/240) + (-172)/(-946). Let r(z) = 12*z + 11. Let i be r(h). What is the greatest common factor of 25 and i?
25
Let i(v) be the third derivative of v**4/12 - 17*v**2. Let b be i(-1). Let h = b + 3. What is the greatest common divisor of h and 7?
1
Let m(y) = -y**2 + 59*y - 323. Let w be m(23). What is the highest common factor of 1616 and w?
101
Let m be 2*2/3*3. Suppose -99 + 39 = -6*j. Let v be (12/j)/(9/30). Calculate the greatest common factor of v and m.
4
Let l be ((0 - 4) + 4)/(-2). Suppose l = -o - o + 4. Suppose 0 = o*t - 22 - 18. Calculate the highest common factor of 50 and t.
10
Let b(c) be the second derivative of -c**5/20 - 7*c**4/3 - 5*c**3 + 49*c**2/2 - 2*c - 33. Let f be b(-27). What is the greatest common factor of 10 and f?
10
Suppose -p + 889 = 99*b - 98*b, 5*b + 1750 = 2*p. Calculate the highest common factor of 30 and p.
15
Suppose -4*n + 15 = -25. Let x = 12657 + -12647. What is the highest common divisor of x and n?
10
Let k(u) = 32*u**2 + 26*u - 214. Let h be k(-6). What is the greatest common factor of 85 and h?
17
Suppose 3*c = -4*v + 420, 18*v + 5*c = 13*v + 520. Let o be (v - -6) + 3 + 3. Calculate the greatest common divisor of o and 160.
40
Let j be ((-5334)/15)/((-102)/255). What is the highest common 